he remainder when 488 is divided by 49?
47
Calculate the remainder when 746 is divided by 144.
26
Calculate the remainder when 7188 is divided by 34.
14
What is the remainder when 824 is divided by 402?
20
What is the remainder when 619 is divided by 78?
73
What is the remainder when 16215 is divided by 18?
15
What is the remainder when 131 is divided by 33?
32
Calculate the remainder when 631 is divided by 39.
7
Calculate the remainder when 371 is divided by 186.
185
Calculate the remainder when 234 is divided by 60.
54
What is the remainder when 114 is divided by 23?
22
What is the remainder when 58 is divided by 41?
17
What is the remainder when 49391 is divided by 16?
15
What is the remainder when 82 is divided by 40?
2
What is the remainder when 465 is divided by 30?
15
Calculate the remainder when 152 is divided by 138.
14
What is the remainder when 1954 is divided by 115?
114
Calculate the remainder when 90 is divided by 69.
21
What is the remainder when 461 is divided by 439?
22
Calculate the remainder when 144 is divided by 74.
70
What is the remainder when 258 is divided by 29?
26
Calculate the remainder when 211 is divided by 100.
11
What is the remainder when 1310 is divided by 57?
56
Calculate the remainder when 2412 is divided by 268.
0
What is the remainder when 244 is divided by 62?
58
Calculate the remainder when 149 is divided by 9.
5
Calculate the remainder when 21214 is divided by 12.
10
What is the remainder when 61 is divided by 15?
1
What is the remainder when 1146 is divided by 105?
96
What is the remainder when 4767 is divided by 106?
103
Calculate the remainder when 1348 is divided by 75.
73
Calculate the remainder when 1782 is divided by 593.
3
Calculate the remainder when 43 is divided by 11.
10
What is the remainder when 340 is divided by 35?
25
What is the remainder when 2481 is divided by 57?
30
Calculate the remainder when 1181 is divided by 30.
11
Calculate the remainder when 591 is divided by 148.
147
Calculate the remainder when 848 is divided by 35.
8
Calculate the remainder when 1131 is divided by 513.
105
What is the remainder when 272 is divided by 12?
8
What is the remainder when 450 is divided by 8?
2
Calculate the remainder when 39038 is divided by 162.
158
Calculate the remainder when 428 is divided by 33.
32
What is the remainder when 322 is divided by 17?
16
Calculate the remainder when 4965 is divided by 92.
89
What is the remainder when 2638 is divided by 48?
46
Calculate the remainder when 139 is divided by 16.
11
Calculate the remainder when 656 is divided by 12.
8
What is the remainder when 8306 is divided by 13?
12
Calculate the remainder when 364 is divided by 61.
59
What is the remainder when 19058 is divided by 3?
2
Calculate the remainder when 4261 is divided by 158.
153
Calculate the remainder when 1061 is divided by 15.
11
What is the remainder when 142 is divided by 80?
62
What is the remainder when 4895 is divided by 31?
28
Calculate the remainder when 1133 is divided by 281.
9
Calculate the remainder when 195 is divided by 94.
7
Calculate the remainder when 72 is divided by 9.
0
What is the remainder when 1180 is divided by 67?
41
What is the remainder when 335 is divided by 169?
166
Calculate the remainder when 151 is divided by 4.
3
What is the remainder when 1640 is divided by 330?
320
Calculate the remainder when 1758 is divided by 44.
42
What is the remainder when 322 is divided by 105?
7
Calculate the remainder when 4850 is divided by 9.
8
What is the remainder when 292 is divided by 27?
22
Calculate the remainder when 221 is divided by 21.
11
Calculate the remainder when 3357 is divided by 101.
24
What is the remainder when 723 is divided by 121?
118
Calculate the remainder when 173 is divided by 29.
28
Calculate the remainder when 97 is divided by 86.
11
What is the remainder when 186 is divided by 69?
48
Calculate the remainder when 52 is divided by 20.
12
Calculate the remainder when 3387 is divided by 32.
27
Calculate the remainder when 33 is divided by 9.
6
Calculate the remainder when 85 is divided by 75.
10
Calculate the remainder when 4770 is divided by 154.
150
Calculate the remainder when 177 is divided by 144.
33
Calculate the remainder when 261 is divided by 22.
19
What is the remainder when 196 is divided by 69?
58
Calculate the remainder when 280 is divided by 36.
28
Calculate the remainder when 933 is divided by 104.
101
Calculate the remainder when 347 is divided by 9.
5
What is the remainder when 43 is divided by 12?
7
Calculate the remainder when 764 is divided by 196.
176
Calculate the remainder when 142 is divided by 29.
26
Calculate the remainder when 522 is divided by 105.
102
What is the remainder when 17249 is divided by 213?
209
Calculate the remainder when 93 is divided by 24.
21
Calculate the remainder when 325 is divided by 163.
162
Calculate the remainder when 247 is divided by 25.
22
What is the remainder when 2098 is divided by 100?
98
Calculate the remainder when 406 is divided by 83.
74
Calculate the remainder when 104 is divided by 36.
32
What is the remainder when 1838 is divided by 309?
293
What is the remainder when 3795 is divided by 106?
85
What is the remainder when 879 is divided by 77?
32
Calculate the remainder when 1003 is divided by 1002.
1
What is the remainder when 399 is divided by 119?
42
Calculate the remainder when 848 is divided by 50.
48
Calculate the remainder when 713 is divided by 40.
33
Calculate the remainder when 175 is divided by 31.
20
Calculate the remainder when 948 is divided by 461.
26
What is the remainder when 338 is divided by 4?
2
Calculate the remainder when 72 is divided by 37.
35
Calculate the remainder when 96 is divided by 59.
37
What is the remainder when 113 is divided by 60?
53
Calculate the remainder when 1544 is divided by 43.
39
Calculate the remainder when 231 is divided by 78.
75
What is the remainder when 165 is divided by 100?
65
Calculate the remainder when 733 is divided by 149.
137
Calculate the remainder when 892 is divided by 45.
37
Calculate the remainder when 224 is divided by 19.
15
What is the remainder when 622 is divided by 122?
12
Calculate the remainder when 6239 is divided by 692.
11
What is the remainder when 165 is divided by 44?
33
What is the remainder when 494 is divided by 91?
39
Calculate the remainder when 406 is divided by 82.
78
Calculate the remainder when 642 is divided by 112.
82
Calculate the remainder when 34 is divided by 20.
14
What is the remainder when 764 is divided by 149?
19
Calculate the remainder when 467 is divided by 59.
54
Calculate the remainder when 482 is divided by 62.
48
Calculate the remainder when 3327 is divided by 4.
3
What is the remainder when 536 is divided by 65?
16
What is the remainder when 966 is divided by 44?
42
Calculate the remainder when 783 is divided by 28.
27
What is the remainder when 1439 is divided by 24?
23
What is the remainder when 159 is divided by 56?
47
Calculate the remainder when 4731 is divided by 74.
69
What is the remainder when 87 is divided by 36?
15
What is the remainder when 441 is divided by 112?
105
What is the remainder when 169 is divided by 46?
31
What is the remainder when 308 is divided by 104?
100
What is the remainder when 322 is divided by 33?
25
Calculate the remainder when 3927 is divided by 15.
12
What is the remainder when 32 is divided by 3?
2
Calculate the remainder when 897 is divided by 11.
6
What is the remainder when 61 is divided by 59?
2
Calculate the remainder when 211 is divided by 72.
67
Calculate the remainder when 7781 is divided by 1295.
11
Calculate the remainder when 210 is divided by 23.
3
Calculate the remainder when 396 is divided by 101.
93
Calculate the remainder when 95 is divided by 30.
5
Calculate the remainder when 493 is divided by 38.
37
Calculate the remainder when 751 is divided by 8.
7
What is the remainder when 86 is divided by 46?
40
What is the remainder when 408 is divided by 143?
122
What is the remainder when 1064 is divided by 348?
20
What is the remainder when 1300 is divided by 21?
19
What is the remainder when 222 is divided by 179?
43
What is the remainder when 180 is divided by 32?
20
Calculate the remainder when 99 is divided by 15.
9
Calculate the rema